-7 - -1). Let n = j - -64. Suppose n = 46*w - 42*w. What is the tens digit of w?
3
Let h be (-12)/(-7) + (-2)/(-7). Suppose -5*r - 162 = -h*k, 4*k - 3*r = 2*r + 314. Suppose 5*n - k = n. What is the tens digit of n?
1
Suppose -7*j = -14222 - 12805. Let y = -2193 + j. What is the thousands digit of y?
1
What is the thousands digit of (10 - 9)*93*84?
7
What is the ten thousands digit of (6753/(-5))/((1 + -26)/625)?
3
Let p(b) = -7*b**3 + 8*b**2 + 7*b - 12. Let j be p(8). What is the hundreds digit of (14/35)/(3 + j/1010)?
2
What is the hundreds digit of 21/(420/95936) + (-5)/(-25)?
7
Suppose 4*a = 3*g + 57139, 2*a - 4*g - 7281 - 21271 = 0. What is the ten thousands digit of a?
1
Let n be (138/(-4))/(-3 - (-18)/8). Let i = n - 45. What is the hundreds digit of -6 + i/1 - -180?
1
Let q(l) = -15*l**3 - 2*l**2 + l - 2. Let r be q(2). Let c = -127 - r. What is the units digit of (340/(-16))/(c/(-12))?
5
Suppose 0 = 18*l + 3673 - 10873. Suppose -17*r + 13*r + l = 0. What is the units digit of r?
0
Let q(h) = -13*h - 1. Let i be q(-1). Suppose -8*x = -i*x + 420. Let c = 110 - x. What is the units digit of c?
5
Let l(y) = 177*y**2 + 9*y - 6. What is the thousands digit of l(-6)?
6
Suppose -6*r + 6*r = -12*r. Suppose 2*q + 5*c - 231 = r, 2*c - 3 = 3*c. What is the hundreds digit of q?
1
Let a(u) = -5 + 6 + 4*u + 5 + 8. Let j be a(-3). Suppose 2*i - j*p - 132 = 0, 0 = -2*i - 4*p + p + 127. What is the units digit of i?
5
What is the tens digit of (-103)/(7/70*-2 + (-624)/(-3220))?
8
Let q(r) = -r**3 + 17*r**2 - 29*r. Let m = -50 - -44. Let k(u) = -u**3 + 18*u**2 - 28*u. Let p(s) = m*k(s) + 5*q(s). What is the units digit of p(22)?
2
Suppose 0 = -4*d + 3*d - 2. What is the tens digit of ((-288)/(-160))/(d/(-250))?
2
Suppose -72*d + 1142133 = 433169 - 743420. What is the thousands digit of d?
0
Suppose -12*w - 4772854 = -143*w. What is the units digit of w?
4
Let r = 22 + -16. Suppose -3*p - 71 + 62 = -3*g, 4*p = 3*g - 11. What is the units digit of r - -193 - -1*(g + 2)?
2
Let m(q) = q**3 + 17*q**2 - 53*q + 222. What is the tens digit of m(28)?
1
Let z = 5950 + 9385. What is the tens digit of z?
3
Let c(v) = -32*v**2 + 4*v + 5. Let n be c(-1). Let g = -28 - n. What is the units digit of g?
3
Suppose -2*h - 3*f + 20 = 0, 5*h = -5*f - 3 + 43. Let j be (-2)/((-4 - -2)/h). Suppose 27 = -j*s + 183. What is the units digit of s?
9
Suppose -14*h + 306145 + 266950 - 70173 = 0. What is the hundreds digit of h?
9
What is the units digit of ((-74)/111)/((-4)/20946)?
1
Let d(f) = -17*f**2 - f**3 + 6 + 2*f**3 + 0*f**2 + 0*f**2. Let o be d(17). Let x(w) = w**2 + 7*w - 3. What is the units digit of x(o)?
5
Let r(v) = -15*v - 2. Let c(w) = 7*w + 1. Let u(i) = -13*c(i) - 6*r(i). Let p be u(-5). Let t(q) = 2*q**3 - 2*q**2 - 4*q - 4. What is the units digit of t(p)?
6
Let i(x) = -2*x**3 - x**2 + x + 6. Let n be (-16)/2 + 1 + 3*1. Let t be i(n). What is the tens digit of (-1)/(-3 - -4) + t?
1
Suppose -7*u + 321 = -190. Let s = -70 + u. Suppose -s*h = 2*h - 655. What is the hundreds digit of h?
1
Let l be (-2)/(-6)*-2 + 704/66. Let q be 5/25 + 18/l. Suppose 0 = -4*u - b + 366, -27 - 68 = -u - q*b. What is the units digit of u?
1
Let r(g) = -7 - 2*g + 7*g + 25 + 37. What is the tens digit of r(0)?
5
What is the ten thousands digit of 81/6*(1998416/42)/28?
2
Let x(q) = -25 - 6*q**2 + 43 - 7 + 6*q**3 - 2*q - 2*q**3. What is the tens digit of x(4)?
6
What is the tens digit of 714662/(-117)*(-9)/2?
8
Let p be 1*-43*4*3/(-6). Let b = -84 + p. What is the units digit of 146 - (b/4)/((-3)/(-6))?
5
Suppose m = -4*l + 21107, 11*m - 12*m + 21133 = -9*l. What is the tens digit of m?
1
Let j(h) = 103*h**3 - 4*h**2 + 5*h - 2. Let i(f) = -11*f - 3. Let v be i(-1). Suppose z - 13 = -4*c, 4*z + c + 1 - v = 0. What is the units digit of j(z)?
2
Let g = 200 + 66. Let s = -186 + g. What is the tens digit of s?
8
Let s = 733 - 461. What is the hundreds digit of (-9)/(4/s*-2)?
3
Let a(s) = 3*s**2 - 6*s - 5. Let o = 30 - 30. Let h be (-36)/(-9) + (o - 9). What is the tens digit of a(h)?
0
Suppose 62*r - 64*r = 5*q + 919, 0 = 5*q + 5*r + 910. Let w = q + 488. What is the tens digit of w?
0
Let p = -235 + 235. Suppose p = 34*r - 21*r - 8125. What is the hundreds digit of r?
6
Let m(h) = 6*h**2 - 3*h + 3. Let b be m(1). Suppose -b*k = 47 + 55. Let r = k - -111. What is the tens digit of r?
9
Let y be (-2)/(-4) - (-1326)/4. Suppose 995 = -5*m - 5*l, -m - 273 = -l - 66. Let s = y + m. What is the hundreds digit of s?
1
Suppose 0 = 4*p + d - 35, 5*d + 23 = 4*p - 42. Let h be ((-6)/p)/((-2)/(-10)) - -32. Suppose 4*y + 16 = 0, h = v + 3*y - 0*y. What is the tens digit of v?
4
Suppose -34 = -4*k - 5*c + 1, 4*c + 20 = 0. Suppose 231 = -3*q - 3*g, q + k + 78 = -5*g. What is the units digit of -2 - (q - 9/(-3))?
8
Let g be (23 + 1)*(0 + (-56)/(-3)). What is the tens digit of -2 - (-12)/5 - g/(-5)?
9
Let u(j) = j**3 + 4*j**2 - 5*j + 2. Let l be u(4). Suppose 5*o - l = -2*x, -3*o - 98 = -2*x - 2*o. What is the tens digit of x?
5
Suppose -53*n = 3*c - 48*n - 37884, n = 4*c - 50558. What is the units digit of c?
8
Let o = -1 - 2. Let x(y) = -43*y + 215. Let t(p) = 2*p - 5. Let f(b) = -43*t(b) - x(b). What is the tens digit of f(o)?
2
Let c(g) = 10*g - 21. Let r be c(10). Let u = -139 + r. Let s = u + 173. What is the units digit of s?
3
Suppose -20394 = -3*i + 2*b, -i - 53*b + 50*b = -6798. What is the hundreds digit of i?
7
What is the tens digit of 1427538/(1681/41) - 7/1*1?
1
Let y(c) = -c**3 + 58*c**2 + c + 9. Let i be y(58). Let u be 8/(-2)*(-70)/4. Let r = i + u. What is the hundreds digit of r?
1
Let q(x) = 5*x**2 - 301*x + 69. What is the thousands digit of q(103)?
2
Let k(u) = 2*u**2 - 24*u + 3. Let x(p) = p**3 + 26*p**2 - 57*p - 8. Let j be x(-28). What is the hundreds digit of k(j)?
3
Let a = 35 + -19. Suppose 5*r + 56 = a. What is the hundreds digit of 106 - -3*(r/(-12))/(-2)?
1
Let g(l) = l**3 - 3*l**2 + 2*l - 2. Let v be g(2). What is the tens digit of v/(-11) + (-6720)/(-308)?
2
Let t(u) = 1141*u - 6503. What is the hundreds digit of t(26)?
1
Let c(k) = 3*k - 1. Let o be c(3). Let g = 68 + -70. What is the units digit of (o - -3 - g)/(1/9)?
7
Suppose -8*j = -23*j - 34*j + 443254. What is the hundreds digit of j?
0
Suppose -4*f - 4*d + 3*d = 702, 2*d - 532 = 3*f. What is the hundreds digit of (-11942)/(-22) + 4*(-8)/f?
5
Let w(g) be the first derivative of 0*g**3 + 1/4*g**4 + 5 + 58*g + g**2. What is the units digit of w(0)?
8
Let j be -4 + 2/((3 - 0)/(-9)). What is the units digit of (4 + j)*-1 - 6/3?
4
Suppose c + 13223 = 3*n, 4*c - 4256 = -n + 143. Suppose -6*z = -n - 2373. What is the units digit of z?
0
Suppose 5*o + 125*o - 1098880 = -72*o. What is the units digit of o?
0
Suppose 4*u + 7 = -9. What is the tens digit of -1 + 6 + (-24)/u?
1
Suppose -k = -4*l - 145, 105 = -5*l + 2*l - 3*k. Let n = 267 + l. What is the hundreds digit of n?
2
What is the tens digit of 2 + 36/(-3) + 205?
9
Suppose 29*g - 77*g + 251520 = 0. What is the tens digit of g?
4
Suppose -6*i = 5*h - 92444, 0 = -3*h - 41*i + 45*i + 55474. What is the thousands digit of h?
8
Let w = -315 + 247. Let u = w + 584. What is the hundreds digit of u?
5
Suppose -k + 12 = 3. Suppose 3162 = 3*a - 5*i, a - k*i - 1064 = -4*i. What is the tens digit of a?
4
What is the tens digit of 4/42 + (17965669/210 - 4/(-40))?
5
What is the hundreds digit of (72/216)/((-1)/21) - -28558?
5
Let v(c) = 40*c**2 + 232*c - 2597. What is the units digit of v(11)?
5
Let x(t) = 40*t - 38. Let b be x(11). Let k = b - 194. Let r = k + -85. What is the tens digit of r?
2
Suppose 17*a - 31131 = 73606. What is the thousands digit of a?
6
Suppose a - 15 = 3*d, a - 14 - 5 = 4*d. Let z(f) = 31*f**3 - 3*f**2 - 9*f + 20. What is the units digit of z(a)?
3
Let p(t) = 14*t + 271. Let y be 24/(-3)*(-33)/12. What is the units digit of p(y)?
9
Let q(l) be the second derivative of l**4 + l**3/3 + 9*l**2/2 + 63*l. What is the tens digit of q(6)?
5
Let h = -33 + 36. Let l be (h - 2)/(-4 + 5). What is the units digit of (12/16)/(l/64)?
8
Let n(d) = d**3 - 10*d**2 + 4*d - 9. Suppose -4*v + 52 = 5*l, -6*l + 17 = -2*l - 5*v. Let k be n(l). What is the units digit of 7/(k/(-12))*15/2?
6
Suppose 5*h + 879 = -4*d, -3*d - 3*h = -5*h + 642. Let f = 268 + d. What is the tens digit of 